9. Let y = c - -169. Calculate the highest common factor of 192 and y.
6
Let n be 1409/7 + -3 + 4/(-14). Let y(v) = 20*v**3 - v + 2. Let o be y(1). Suppose 16*s + 110 = o*s. Calculate the highest common factor of s and n.
22
Suppose 5*i - 4*w - 182 = 0, 2*w + 139 = 4*i + w. Let a(s) = -s**2 + 607*s + 4954. Let l be a(-8). Calculate the greatest common factor of i and l.
34
Let s = 200 - 160. Let q = s - -28. Calculate the greatest common divisor of 578 and q.
34
Let l be 13/(182/21460) - 3/(-21). Calculate the highest common divisor of l and 21.
21
Let v(j) = -4*j + 7. Let s be v(-5). Let m = 48941 + -48842. Calculate the highest common factor of m and s.
9
Suppose -4*l + 4*i = l - 105, 42 = 2*l - 3*i. Let b be (l + -3)*(-2)/(-3). Let z = -24 - -36. Calculate the highest common factor of b and z.
12
Let m be (18/30)/((-2742)/915 - -3). Let s = m + -113. Calculate the greatest common divisor of s and 175.
35
Let q(w) = 11*w - 3. Let d be q(3). Suppose -5 = -11*g + 1095. Calculate the greatest common factor of g and d.
10
Suppose -13*c - 28 = -16*c - 4*z, 3*c + z - 16 = 0. Calculate the highest common factor of 2644 and c.
4
Suppose 916 = 5*j + 4*y, 153*j - 5*y = 150*j + 557. Suppose 2*t + 2*b + 3*b - 169 = 0, 5*t + 2*b = 454. What is the highest common divisor of j and t?
92
Let l be 62 + -66 - (-8)/2. Suppose l = -46*t + 50*t - 352. What is the greatest common factor of 33 and t?
11
Let u be (-1 - 3)/(-4 + 3). Suppose 0 = -u*p - 0*p + 16. Suppose -454 + 1158 = 44*a. What is the greatest common factor of a and p?
4
Let w = 577 + -369. Let c = 62 - 30. Suppose 0 = 4*s - c - 72. Calculate the greatest common divisor of s and w.
26
Suppose -4*m + 38 = 18. Suppose -l + 7 = 3, -m*d + 108 = 2*l. Calculate the greatest common divisor of d and 70.
10
Suppose -550 = -6*o + o. Let i = 1150 - 1140. Calculate the highest common factor of i and o.
10
Let v(d) = 166*d**2 - 72*d - 387. Let s be v(-5). Calculate the greatest common factor of 133 and s.
133
Let f = 1547 - 1520. Calculate the highest common factor of 1161 and f.
27
Let y = -91 - -84. Let k be y - -4 - (2 + -269). Suppose 17*u + k = 20*u. Calculate the highest common divisor of u and 22.
22
Suppose -5*j + 62*f = 59*f - 68, 38 = 3*j + f. Let s(b) = 73*b**3 - b**2 + 4*b - 3. Let h be s(2). What is the greatest common factor of h and j?
13
Let i(d) = 23*d + 4. Let k be i(5). Suppose 0 = -5*x - y + 471 - 130, 0 = -4*x - y + 273. Calculate the greatest common divisor of x and k.
17
Let n(r) = -28*r + 46. Let y be n(2). Let t be (-3)/(y/((-800)/(-15))). What is the greatest common divisor of 112 and t?
16
Suppose 0 = 10*j + 2*j - 1272. Let i = 124 - j. What is the greatest common factor of 9 and i?
9
Let o be (16/5)/(-27*5/(-8100)). What is the greatest common factor of 282 and o?
6
Suppose -94*n - 9230 = -104*n. What is the highest common factor of 781 and n?
71
Let y(a) = 5*a**2 + 4*a - 11. Let t be y(-6). What is the highest common factor of t and 435?
145
Suppose 5*z - 3*n - 910 = 1963, -z + 571 = 3*n. What is the highest common factor of z and 1312?
82
Suppose 57*z - 6103 + 403 = 0. What is the greatest common divisor of 395 and z?
5
Suppose -5*i + 4 = -81. Let a(h) = 32*h + 16. Let y be a(-3). Let f = y + 148. Calculate the greatest common divisor of f and i.
17
Let w = 1783 + -1749. What is the highest common divisor of w and 221?
17
Let g(d) = 98*d + 3220. Let b be g(-23). What is the greatest common divisor of 276 and b?
138
Suppose -2*p = 3*l - 1158, -39*p - 1726 = -42*p + l. Calculate the greatest common divisor of p and 56.
8
Let p(o) = 83*o**2 + 390*o - 28. Let u be p(-9). Calculate the greatest common divisor of 78 and u.
13
Suppose -15 = -n - 57. Let j be -5*46*81/(-135). Let y = n + j. What is the greatest common divisor of 12 and y?
12
Let m be (2 + (-1)/1 + (-42 - -40))*-11. What is the greatest common factor of m and 4719?
11
Let r(b) = -82*b**2 + 3197*b + 61. Let h be r(39). What is the highest common factor of h and 6149?
11
Let a be (-3)/(-24) - 51493/104. Let z = a - -627. Calculate the highest common factor of z and 44.
44
Let j = 42021 + -20271. Calculate the greatest common factor of j and 348.
174
Let s = -3690 + 3704. Let n = 291 + -172. What is the highest common divisor of s and n?
7
Let m = 13993 - 12226. Calculate the greatest common factor of 1653 and m.
57
Suppose 64*v - 75*v = -913. Let a(j) = -j**3 + 27*j**2 + j + 56. Let f be a(27). Calculate the highest common factor of v and f.
83
Let n(z) = z**3 - 8*z**2 + 5*z + 18. Suppose -5*c + 14 = 2*t, 4*c + 12 = -4*t + 40. Let j be n(t). Calculate the greatest common divisor of j and 14.
2
Let r(y) = 8*y**3 - y**2 + 4*y + 1. Let w be (-8)/36*3*3. Let o be r(w). Let f = -63 - o. Calculate the highest common divisor of f and 18.
6
Suppose 6*t = 3213 - 441. Suppose -24*a + 17*a + t = 0. Calculate the greatest common factor of a and 3.
3
Suppose 4*t + 7*t = 44. Suppose -a + 10 = t*y, -10 = 12*a - 7*a. Let o be 285 - y/((-15)/(-25)). What is the greatest common factor of o and 28?
28
Let x be (4/4 - 8) + 5 - (-15114 - 22). Calculate the highest common factor of 46 and x.
46
Suppose 0 = -3*y - 5*i + 305, y - 75 = -4*i + 15. What is the highest common factor of y and 1090?
10
Suppose 194*f = 146*f + 336. Calculate the highest common divisor of f and 27741.
7
Suppose 0 = l - q - 3*q - 250, 0 = 2*l + 4*q - 464. Suppose -138*k - 12*k + 1792 + 3308 = 0. What is the greatest common factor of l and k?
34
Let i be (-32)/(-16) + (-492)/(-2) + -1. What is the highest common divisor of i and 38?
19
Let c be (-49)/((-20)/48 - (-3)/(-36)). What is the greatest common divisor of 70 and c?
14
Let f(k) = 36*k**2 + 101*k + 17. Let j be f(-3). What is the highest common factor of j and 4978?
38
Let w = -19 + 59. Suppose -4*x + 18*b + 324 + 70 = 0, -5*x = 4*b - 148. What is the highest common divisor of w and x?
40
Let w = -213 - -991. Suppose 3*f = -253 + w. What is the highest common divisor of f and 35?
35
Let h be (-3)/(-5) - 30/50. Suppose -2*w + 3*v + 3 = -5*w, 5*w = -3*v + 5. Suppose w*j + 315 - 1043 = h. Calculate the highest common divisor of 14 and j.
14
Suppose 0 = j - 4. Let h(d) = d**3 + 4*d**2 + d - 4. Let v(r) = -2*r + 7. Let p be v(5). Let g be h(p). What is the highest common divisor of j and g?
2
Suppose -2*d + 784 = 5*d. Let m be 16 + 3/9*-6. Calculate the highest common factor of d and m.
14
Suppose 72 = 5*z - 3*z. Let n be (432630/189)/115 + 6/63. Calculate the greatest common factor of z and n.
4
Let j(p) = -29*p - 187 - 31*p + p + 9*p. Let g be j(-5). What is the highest common factor of 7 and g?
7
Let j be -5*((-11 - -2) + 5). Calculate the greatest common divisor of 5030 and j.
10
Suppose 0 = 2*i + 2*y + 203 - 57, -3*i - 216 = 2*y. Let r = -161 - i. Let f be (-3289)/r - (-1 + (-8)/(-7)). Calculate the highest common divisor of 54 and f.
18
Suppose -208*n - 5608142 = -399*n. Calculate the highest common factor of n and 106.
106
Let k = 13899 - 11865. Calculate the greatest common factor of k and 18.
18
Suppose 0 = -0*j - 12*j + 11916. Let o = -201 + j. What is the greatest common divisor of o and 88?
88
Let o be (-92)/22 + 4 + ((-38133)/(-99) - 7). What is the highest common divisor of o and 28?
14
Suppose 0 = -3*y - 3*d + 39 + 177, d + 248 = 3*y. Calculate the highest common factor of y and 2976.
16
Let d(f) = -f**3 + 4*f**2 + 9*f - 5. Let j be d(6). Let o = 64 - j. Let g be (-2)/(-4) + (-1815)/(-30) + -3. What is the greatest common factor of g and o?
29
Let q(j) = j + 143. Let s be (3 + -6)/(8/40). Let b be q(s). Calculate the highest common factor of 16 and b.
16
Let m be (2 + 2 - (-4 + (-13040)/35))*7. What is the greatest common factor of 185 and m?
37
Let y be 22/33 - 28/6. Let n be 430672/484 + y/(-22). Calculate the greatest common factor of 10 and n.
10
Let o be (228 - 1) + 2 + -1. Let v(k) = -2*k**3 - 9*k**2 - 55*k - 246. Let m be v(-6). Suppose 7*q - o - m = 0. Calculate the highest common divisor of q and 6.
6
Suppose 0 = -3*y + 10121 - 2057. Calculate the highest common divisor of y and 84.
84
Let t(u) = 3*u**3 + 66*u**2 + 33*u - 9. Let p be t(-21). Calculate the greatest common factor of p and 351.
27
Suppose -4*v + 70 + 542 = 0. Suppose -2*t - 45 + v = 5*k, t - k - 54 = 0. Let z(w) = 21*w + 15. Let f be 